= -d**2 + 2*d + 1. Let r be s(v). What is the greatest common factor of 1 and r?
1
Suppose 4*i + 12 = 0, -2*b + 29 = 2*b - 3*i. Suppose b*w = 10, 0 = -2*s - s - 5*w + 19. Calculate the highest common factor of 3 and s.
3
Suppose -a = 2*a - 45. Suppose 60 = -k + 5*k. Calculate the highest common divisor of k and a.
15
Let t = -3 + 8. Suppose -33 = -2*i - b, t*i - 73 = i + 5*b. Suppose -i = -3*y + 37. What is the greatest common divisor of 12 and y?
6
Suppose -14 = -5*p - 4. Suppose 6*x + 33 - 57 = 0. What is the greatest common divisor of x and p?
2
Let o(a) = a**3 + 8*a**2 - 9*a. Let i be o(-8). What is the greatest common divisor of i and 48?
24
Suppose 7 - 2 = w. Suppose 4*v - 50 - 12 = -2*y, -5*y + 2*v + 119 = 0. What is the greatest common divisor of y and w?
5
Suppose -47 = -2*s - 3*v, -3*s - 3*v + 8*v + 61 = 0. Calculate the highest common factor of 2 and s.
2
Let c = 9 + -7. Let k be -2 - c*(-5)/2. Suppose 5*w = -k*j + 78, -4*j = 3*w + j - 34. What is the greatest common divisor of 27 and w?
9
Suppose 0 = -2*r - r + 4*z + 40, r = -3*z + 35. Calculate the highest common factor of 60 and r.
20
Let j(m) = m**2 - 2*m - 6. Suppose -3*z + 2*z - s + 3 = 0, -z + 3*s + 11 = 0. Let c be j(z). Calculate the greatest common divisor of c and 18.
9
Let s = 149 + -101. Calculate the greatest common divisor of 240 and s.
48
Let g(s) = s**2 - s + 28. Let i be g(0). Let f be (-64)/i - 4/(-14). Let j be (1/f)/((-8)/576). What is the highest common factor of 24 and j?
12
Suppose -5*g = -g. Suppose -k - 3*p = -0*p - 33, g = -5*p - 15. Let d = 78 - k. What is the highest common factor of 9 and d?
9
Let p be (-6)/(-2) - (-2 + 20)*-1. Calculate the highest common factor of p and 14.
7
Let f = 17 - 16. Let p be -3 + (62 - (2 + f)). Calculate the highest common factor of 7 and p.
7
Suppose -2*j - 3*j + 8 = -n, 0 = 5*n - j - 32. What is the highest common factor of n and 35?
7
Let c = 50 + -34. Suppose 0 = -y + i + 9, y - c - 3 = 3*i. Suppose 2*v + 3*v + 180 = 5*u, -y*u + 152 = -2*v. What is the greatest common divisor of u and 8?
8
Suppose -f = 4*f - 450. Suppose 0 = 6*w - 2*w - 40. What is the greatest common divisor of f and w?
10
Let y(c) = -6 - 1 + c**2 + 0. Let z be y(0). Let a = z + 14. Calculate the greatest common factor of 56 and a.
7
Suppose -15 = -5*r + 3*x, -30 + 10 = -4*r + 4*x. Suppose r = o + 13 - 167. Calculate the greatest common factor of 14 and o.
14
Let n(z) = 19*z**2 + 2*z. Let c be n(1). Calculate the highest common divisor of c and 3.
3
Suppose 0 = 5*t - 0*t - 20. Suppose -3*c = 3*s - c - 10, 4*s = t*c. Suppose l + 3 = 3*u - l, 5*u - 4*l - 5 = 0. Calculate the highest common factor of u and s.
1
Let d(o) = -19*o + 5*o + 7 + 2 - 11. Let q be d(-4). What is the highest common factor of 36 and q?
18
Suppose -3*v - 1 = -2*i, 4*i + v - 23 = -0*i. Suppose -t + 36 = 4*y + 3*t, 17 = 2*y + t. Let w = y + -7. What is the highest common divisor of i and w?
1
Suppose 5*t + 5*f + 579 = -411, 0 = 5*t - 4*f + 963. Let a = t + 299. Suppose -68 = -3*w - 29. Calculate the greatest common factor of a and w.
13
Suppose 0*r = 5*r. Suppose r = d + 2 - 12. Calculate the highest common divisor of d and 10.
10
Suppose 3*y - 6 + 0 = 0. Let h(a) = 4*a**2 + 2*a - 1. Let u be h(y). Suppose 2*k - u - 29 = 0. What is the greatest common divisor of k and 8?
8
Suppose -4 = -3*p + 2. Let i(u) = 56*u**2 + 1. Let q be i(p). Suppose -2*k = k - q. What is the highest common divisor of k and 30?
15
Suppose -5*p - 4*c = -388, -314 = -2*p - 2*p - 2*c. Let q(z) = 2*z**2 - 51*z - 6. Let m be q(26). What is the greatest common factor of m and p?
20
Let j(m) = -21*m**3 + m**2 - 1. Let y be j(-1). Calculate the highest common divisor of 14 and y.
7
Suppose -3*n - 4*k + 255 = 0, 2*n - 85 = n - 5*k. Calculate the highest common divisor of n and 17.
17
Let p(f) = -5*f - 1. Let s be p(-2). Suppose 14 = -5*n + 3*n + 5*b, b - 4 = 0. Let u be (n - 1)/(9 - 7). Calculate the highest common divisor of s and u.
1
Let o = -41 + -6. Let y = -12 - o. Let z be ((-7)/3)/(14/(-42)). Calculate the greatest common factor of z and y.
7
Let i(l) = -2*l - 2. Let o be i(-3). Suppose -2*b = -3*b + s - 3, -23 = -o*b - 3*s. Suppose b*q - 12 = -q. Calculate the greatest common divisor of q and 4.
4
Let w be (-18)/45 - (-77)/5. Calculate the greatest common divisor of w and 60.
15
Let c = 29 + -7. Calculate the highest common divisor of c and 176.
22
Let v = -2 - 2. Let j be 6*(6/(-9) - v). Calculate the highest common divisor of j and 5.
5
Suppose -3*v - 3*o + 26 = 8, 0 = 4*o. What is the highest common divisor of 4 and v?
2
Let q(g) = 2*g + 11. Let s be q(-4). Suppose 3*b + 2*b = 35. Let z be (b/s)/((-1)/(-6)). Calculate the highest common factor of 70 and z.
14
Suppose 5*a - 100 = -4*t, a - 56 = -0*t - 2*t. Let j = t - 3. Calculate the greatest common divisor of j and 3.
3
Suppose -o - o = -88. What is the greatest common factor of o and 11?
11
Let j(n) = 9*n. Let o be j(5). Suppose -3*u - 15 = -6*u. What is the greatest common factor of o and u?
5
Suppose 5*r - 27 = 8. Calculate the greatest common divisor of 21 and r.
7
Let a be 188 + 0*1/(-3). Suppose -5*x + 172 = -a. Calculate the greatest common factor of 9 and x.
9
Let r = -5 - -4. Let j be 180*(r + 10/6). Suppose g = 4*g - 45. What is the greatest common factor of j and g?
15
Suppose 202 = -3*g + 7. Let n be -2 - g - (0 - 0). Suppose 18*s + 154 = 40*s. What is the greatest common factor of s and n?
7
Let p(a) = a**3 - 4*a**2 + a + 4. Let h be 76/18 + 4/(-18). Let i be p(h). Suppose i - 17 = -z. Calculate the highest common factor of z and 9.
9
Let c be (2/3)/(2/9). Suppose 3*m - 3*j = j + 67, 3*m + 3*j = 60. Let o be (-36)/m*(-28)/8. What is the highest common divisor of o and c?
3
Let q be (-1 - -3)/(6/9). Let f = q + 0. Calculate the greatest common divisor of f and 21.
3
Let a = 135 - 107. Let q = -8 + 15. Calculate the highest common divisor of a and q.
7
Let q(l) = 2*l - 11. Let c be q(12). Calculate the greatest common divisor of c and 13.
13
Let h be ((-7)/3 - -1)*-3. Let c = h + 12. Calculate the greatest common divisor of c and 64.
16
Let z = 11 - 8. Suppose 5*o - z*o = 0. Suppose g - 6 - 7 = o. Calculate the highest common factor of 65 and g.
13
Suppose 75 = -s + 4*s. Suppose -3*i + 4*i - 3 = 0. Suppose 0 = -2*u + s + i. What is the greatest common factor of u and 2?
2
Suppose 0*c = 5*c - k - 196, 199 = 5*c - 4*k. Calculate the greatest common factor of c and 13.
13
Let n(w) = -5*w**2 - 17*w + 5. Let p(l) = 6*l**2 + 18*l - 4. Let a(o) = -5*n(o) - 4*p(o). Let r be a(-14). Calculate the greatest common factor of r and 25.
5
Suppose 4*q = 3*q + 22. Let x be (-6)/9 - q/(-6). Calculate the highest common divisor of 3 and x.
3
Let n be (0/(-1))/(1 + -2). Let u be 0 + n/(4 + -2). Suppose u = -2*j + 112 - 28. Calculate the highest common divisor of 6 and j.
6
Let s = -199 - -233. What is the greatest common factor of 374 and s?
34
Let o(b) = b**3 + 11*b**2 + 13*b + 3. Let v be o(-9). Suppose 4*f - f - v = 0. Suppose 0 = -c - 2*c + 288. What is the greatest common factor of f and c?
16
Let d(k) = k**3 - k**2 + k - 2. Let y be d(2). Suppose -24 = -y*f + f. What is the greatest common divisor of 48 and f?
8
Let h(u) = -2*u**2 + 2*u - 2. Let p be h(2). Let v = p + 54. Calculate the highest common factor of v and 12.
12
Suppose 0*p - 168 = -3*p. Suppose -j + 5*k = 3*j - p, 0 = k. Calculate the greatest common factor of 56 and j.
14
Let z(r) = 4*r - 1. Let y be 4/6 - 6/9. Let o be (y + 2)/(1*2). Let i be z(o). Calculate the greatest common factor of i and 6.
3
Let k be (-19)/(-7) - 4/(-14). Let q be (-10 + 2)*14/(-4). Let g = q - 1. What is the highest common divisor of g and k?
3
Let c be ((-8)/(-6))/(4/6). Let l = -519 - -1361. Suppose -15 = -5*d, c*o + 2*o - l = -2*d. What is the highest common divisor of 19 and o?
19
Let g(q) = 20*q + 25. Let h(n) = -5*n - 6. Let f(s) = 6*g(s) + 25*h(s). Let k be f(-4). Suppose 4*i + k = 6*i. Calculate the greatest common factor of i and 20.
10
Suppose -4*z + 2*z - 138 = 0. Let o = -42 - z. Calculate the highest common factor of o and 18.
9
Suppose -24 = -6*v + 48. What is the greatest common factor of 60 and v?
12
Let t(k) = k**3 - k**2 - 5*k + 3. Let l be t(3). Let p = 12 + -21. Let d = -3 - p. What is the highe